. Let y be j(-26). Suppose 4*a - y*r - 1397 = -27*r, 0 = -4*a - 4*r + 1400. What are the prime factors of a?
347
List the prime factors of (35718/3)/(30/30).
2, 5953
Let o(c) = 29*c**2 - 19*c + 44. Let t be o(9). Suppose 31*n - 34*n - 1653 = -3*u, 4*u + 5*n - t = 0. List the prime factors of u.
7, 79
Let w(o) = -o**3 + 12*o**2 + 15*o - 21. Let p be w(13). Suppose -8*i + 35 = -3*i. Suppose -i*t = -p*t - 138. List the prime factors of t.
3, 23
Let s(d) = -d**2 - 23*d - 221. Let m(y) = y**2 + 12*y + 111. Let i(r) = 5*m(r) + 3*s(r). List the prime factors of i(19).
443
Suppose -3*a + 5*q = -59030, 0 = 5*a - 2*q - 98158 - 181. What are the prime factors of a?
3, 5, 19, 23
Let s(g) = 2*g**3 - 14*g**2 + 14*g - 7. Let q be s(6). Suppose i - y - 3*y = 514, -2612 = -q*i - y. What are the prime factors of i?
2, 3, 29
Suppose 5*d - 4*f = 14170, -4*d + 61*f = 66*f - 11336. What are the prime factors of d?
2, 13, 109
Suppose -1045768 - 1253023 = -209*o. What are the prime factors of o?
17, 647
Let t(w) = -22*w**3 + 11*w**2 + 90*w - 74. What are the prime factors of t(-9)?
5, 3209
Suppose -4*r + f = 258, 3*r - 5*f + 160 = -42. Let b be r/(-8) + -5 + 1. Suppose 19 = 3*g + b. What are the prime factors of g?
5
List the prime factors of 10215*26/117 + 7/(-1).
31, 73
Let u = 24609 - 17393. What are the prime factors of u?
2, 11, 41
Suppose 2*v = 4, 5*v + 54 = 3*f - 50. Let s = f - 31. Suppose 5*z - s*z + 60 = 0. What are the prime factors of z?
2, 3, 5
List the prime factors of (72882 - 0) + (39 - (3 + 26)).
2, 18223
Let j(r) = -r**2 - 3*r + 14. Let h be j(-5). Suppose s = 4*t - 1675, -3*t = -h*s + 2*s - 1250. What are the prime factors of t?
2, 3, 5, 7
Let m(h) = 81*h + 4. Let j(o) be the second derivative of -o**5/20 - o**4/2 - o**3/2 + 11*o**2/2 + 11*o. Let n be j(-5). What are the prime factors of m(n)?
5, 17
Let j(i) = 28*i**2 + 60*i + 840. What are the prime factors of j(-11)?
2, 223
Let t(v) = 3924*v**2 - 2*v - 4. What are the prime factors of t(-1)?
2, 37, 53
Let u(i) be the first derivative of 5*i**2 + 4*i - 1. Let h(n) = n**2 + 2*n + 2. Let c be h(-3). What are the prime factors of u(c)?
2, 3
Suppose -10*y + 30702 = -173858. List the prime factors of y.
2, 2557
Let v be 1067/5 - 2/5. Let y(d) = -d**3 + 12*d**2 - 8*d - 31. Let p be y(11). Suppose b = -p*l + v, 3*b = -l + 125 - 31. What are the prime factors of l?
109
Let h = 56 + 0. Suppose 71 + h = l. Let v = l + -66. What are the prime factors of v?
61
Let i = -185 + 122. Let a = 149 - i. What are the prime factors of a?
2, 53
Let a(z) be the third derivative of -37*z**4/12 + z**3/6 + 2*z**2 + 10*z. List the prime factors of a(-6).
5, 89
Suppose 4*r = -t + 2689, 2659 = -0*r + 4*r - 5*t. Suppose 2*g - 3*s - r = 0, s - 681 + 30 = -2*g. List the prime factors of g.
2, 41
Let j be (-18)/(((-64)/60)/8). Let y = 17 + j. Suppose 2 = -h, 202 = 4*f + 5*h - y. List the prime factors of f.
7, 13
Suppose v + 2*l - 7 = 0, -v - 5*l - 5 = -0. Suppose -v = -12*d + 15*d. List the prime factors of (4/d)/(16/(-600)).
2, 3, 5
Suppose v - 140 = 15*v. Let l(s) = 0 + 3 - 9*s**2 + 0 - s**3. List the prime factors of l(v).
103
Let h = 162 - 158. Suppose -3*v + 4*r = -1074, h*v + 2*r - 1410 = -0*v. List the prime factors of v.
2, 3, 59
Let f = 191 + -191. Suppose -1437 = -2*c + 3*i, 5*c - i = -f*i + 3560. List the prime factors of c.
3, 79
Let h be (-2 - 0/(-3))*-1. Let t be (h - -1) + (2 - 3). Suppose -116 = -t*p + 52. List the prime factors of p.
2, 3, 7
Suppose 3*p = -2*p + 35. Suppose -5*x - p = -5*g + 3, -x = 2*g - 10. Suppose -2*r + 4 = l - 13, r + 23 = g*l. What are the prime factors of l?
7
Suppose -9333 + 1821 = 12*h. Let s = -355 - h. What are the prime factors of s?
271
Let l(h) = h**2 + 3*h + 1. Let u be l(-3). Let z(c) = 17*c**2 - 66*c + 6. Let k be z(7). Suppose -u = -3*i + k. List the prime factors of i.
2, 3, 7
Suppose -9*f = 12*f - 10542. Suppose -f*z = -516*z + 4270. What are the prime factors of z?
5, 61
Let p = 48471 - 23855. What are the prime factors of p?
2, 17, 181
Let o = 98 + -104. Let m be (1 - -1) + o + 4/1. Suppose 3*a + 7*u - 536 = 9*u, m = 4*a + 5*u - 707. List the prime factors of a.
2, 89
Let k(v) = 9*v**3 + v**2 + 2*v - 1. Let q(s) = s**2 - 4 - 3*s**2 - 7*s + 20*s. Let u be q(6). What are the prime factors of k(u)?
79
Let r = 66 + -128. Let f = 143 - r. List the prime factors of f.
5, 41
Suppose a = -f + 4126, 11*a = 16*a + 20. List the prime factors of f.
2, 5, 7, 59
Suppose -12564 = -3*l + 4*b, 3*l - 2*b + 20966 = 8*l. List the prime factors of l.
2, 131
Let h(v) = -v**3 + 43*v**2 + 42*v + 33. List the prime factors of h(31).
3, 4289
List the prime factors of (196/56)/((-1)/(-1886)).
7, 23, 41
What are the prime factors of ((-30)/3 + 58/6)*12102*-1?
2, 2017
List the prime factors of -34*(-268 + 252/18).
2, 17, 127
Let q = -151 - -175. Suppose 0 = -q*m + 15*m + 4563. What are the prime factors of m?
3, 13
Let j be (-1 - (-18)/12)*-8. Let x = j + 1. What are the prime factors of 135/12 - x - 1/4?
2, 7
List the prime factors of (22814/2 + -3)*(-253)/(-92).
11, 2851
List the prime factors of 48590617/861 - (2/(-8) + 29/84).
5, 11287
Let y(i) = -15*i. Let o be y(-2). Let k(x) = -36 - 24*x + x**2 - 82 + 0*x**2 + 0*x**2 + 152. List the prime factors of k(o).
2, 107
Let x be (741/4)/(69/552). Let l = -510 + x. List the prime factors of l.
2, 3
Suppose 3745 = -11*g + 41386 + 33386. What are the prime factors of g?
11, 587
Suppose 359*f + 21562 = 362*f + o, 2*f - 4*o - 14370 = 0. What are the prime factors of f?
7187
Suppose -2*y = 1505 + 209. Let q = -334 - y. What are the prime factors of q?
523
Let v = 89 - 68. Suppose -4*o + v = -11*o. Let u(g) = -28*g - 6. List the prime factors of u(o).
2, 3, 13
Let a = 365 - 85. Suppose -9*m - a = -3079. List the prime factors of m.
311
Let n = -133907 - -227375. What are the prime factors of n?
2, 3, 7789
List the prime factors of (-12552)/14*(-4 + (14 - 17)).
2, 3, 523
Suppose -4*p - 5*r + 64 = 0, 9*r + 48 = 3*p + 8*r. What are the prime factors of ((-3108)/p)/((-203)/(-56) + -4)?
2, 7, 37
Suppose -5*q + 1110 = 4*o - o, -5*o = -2*q + 475. List the prime factors of 4/(-18) - (-95900)/q.
2, 3, 71
Let h be 1 + 1 - (3 - 4). Let x(w) = -22*w**2 + 3 - w**h + 18*w**2 + 2*w**3. List the prime factors of x(4).
3
Let r be (-25 - -142)*26/3. Let w = r + 3. What are the prime factors of w?
3, 113
Let j(u) = 79*u**2 - 5*u - 8. Suppose -g + 2*k + 8 = k, 0 = 3*g + k - 8. What are the prime factors of j(g)?
2, 3, 103
Let j(k) = k + 43. Let q be j(-28). Let t(l) = -l**3 + 16*l**2 - 17*l + 33. Let c be t(q). Suppose -268 = -4*r + c*r. What are the prime factors of r?
2, 67
Let r = -604 - -7888. List the prime factors of r.
2, 3, 607
Let x = -138776 - -204721. List the prime factors of x.
5, 11, 109
Let u(t) = t**3 - 15*t**2 - 17*t + 16. Let b be u(16). Let o be (-1)/((-4)/(b + 20) - 0). Suppose -o*g = 2*g - 371. What are the prime factors of g?
53
Let a(n) = -n**2 + n + 68. Let t be a(0). Let u = t - 18. Suppose -c - c = -u. List the prime factors of c.
5
Let k be (-2)/((-14)/(-7))*-70. Suppose -4*j - 3*i + 7*i = -116, 2*j + 4*i - k = 0. List the prime factors of j.
31
Suppose 526891 = 108*u - 1022909. List the prime factors of u.
2, 5, 7, 41
Suppose -167*y + 85854 = -74633. List the prime factors of y.
31
Suppose 454 = 14*b + 118. Let r(u) = -u**3 + 25*u**2 - 26*u + 72. What are the prime factors of r(b)?
2, 3
Let z = -818 - -1915. Let t = -412 + z. What are the prime factors of t?
5, 137
Let m(v) = -v**3 + 7*v - 8. Let l be m(3). List the prime factors of 3 + (5 + -3 + l)*-55.
3, 13, 17
Let i be ((-12)/8)/((-5)/360). Suppose -5*t - n = 694, -3*t - 2*n + i = 530. What are the prime factors of t/(-9)*(-30)/(-10)?
2, 23
Suppose 4540 = -4*i + 8*i - 3*n, 5*i + 4*n - 5644 = 0. Let t = 505 + i. List the prime factors of t.
1637
Let c = 10696 + -7486. Suppose c = 4*t - z, -5*t + 1857 = -3*z - 2159. List the prime factors of t.
2, 401
Let d = -20651 + 52014. List the prime factors of d.
79, 397
Let d = 606 - 1168. Let k = 954 + d. What are the prime factors of k?
2, 7
Suppose -2*a + 5*l + 75 = 0, 0 = -47*a + 42*a - 2*l + 115. Suppose -a*x = 16*x - 35219. What are the prime factors of x?
859
Suppose -2*x - 3*t + 18 + 2 = 0, 3*x + 4*t = 28. Suppose -132 + 568 = x*k. List the prime